{"id":932,"date":"2024-10-23T08:07:34","date_gmt":"2024-10-23T08:07:34","guid":{"rendered":"https:\/\/www.bunhocentro.pt\/?page_id=932"},"modified":"2024-10-23T08:07:34","modified_gmt":"2024-10-23T08:07:34","slug":"politica-de-privacidade","status":"publish","type":"page","link":"https:\/\/www.bunhocentro.pt\/?page_id=932","title":{"rendered":"Pol\u00edtica de Privacidade"},"content":{"rendered":"<p>O site\u00a0www.bunhocentro.pt\u00a0respeita a privacidade de todos os seus utilizadores e compromete-se a proteger as informa\u00e7\u00f5es pessoais l\u00e1 inseridas. Algumas sec\u00e7\u00f5es e\/ou funcionalidades deste website podem ser navegadas sem recurso \u00e0 divulga\u00e7\u00e3o de qualquer informa\u00e7\u00e3o pessoal por parte do utilizador.\u00a0<\/p><h3 class=\"wp-block-heading\">Que dados recolhemos<\/h3><ul class=\"wp-block-list\"><li>Nome;<\/li>\n\n<li>Informa\u00e7\u00e3o de contacto incluindo\u00a0email;<\/li>\n\n<li>Informa\u00e7\u00f5es demogr\u00e1ficas como o c\u00f3digo postal;<\/li>\n\n<li>Outras informa\u00e7\u00f5es necess\u00e1rias para pesquisas com clientes e\/ou ofertas.<\/li><\/ul><h1 class=\"wp-block-heading\">&nbsp;<\/h1><h3 class=\"wp-block-heading\">O que fazemos com a informa\u00e7\u00e3o recolhida<\/h3><p>A Informa\u00e7\u00e3o recolhida permite-nos oferecer um melhor servi\u00e7o, perceber as necessidades dos nossos clientes e principalmente pelas raz\u00f5es que se&nbsp;seguem:&nbsp;<\/p><ul class=\"wp-block-list\"><li>Manuten\u00e7\u00e3o de Registos na nossa Base de Dados;<\/li>\n\n<li>Oferta de produtos que v\u00e3o de encontro \u00e0s necessidades dos nossos clientes;<\/li>\n\n<li>Periodicamente enviaremos emails promocionais. Acerca de novos produtos, ofertas especiais ou outras informa\u00e7\u00f5es que achemos relevantes, usando o endere\u00e7o de\u00a0email\u00a0fornecido;<\/li>\n\n<li>Podemos\u00a0usar as informa\u00e7\u00f5es para Personalizar o site de acordo os interesses dos nossos clientes.<\/li><\/ul><h3 class=\"wp-block-heading\">Seguran\u00e7a<\/h3><p>Estamos empenhados em garantir que as informa\u00e7\u00f5es fornecidas est\u00e3o seguras. A fim de impedir o acesso n\u00e3o autorizado ou divulga\u00e7\u00e3o de informa\u00e7\u00f5es, colocamos os dados em locais adequados, com as mais recentes seguran\u00e7as e encripta\u00e7\u00f5es para salvaguardar e proteger as informa\u00e7\u00f5es que recolhemos on-line.<\/p><h3 class=\"wp-block-heading\">Como utilizamos os cookies&nbsp;<\/h3><p>Cookies s\u00e3o pequenos peda\u00e7os de dados que s\u00e3o enviados ao computador na visita a um website. Em futuras visitas, esse dado \u00e9 retornado para o site. Os cookies permitem-nos reconhecer automaticamente um cliente sempre que este visita o nosso site para que possamos personalizar a sua experi\u00eancia e fornecer-lhe um melhor servi\u00e7o. Tamb\u00e9m usamos cookies (e similares, tais como o Flash cookies) para a preven\u00e7\u00e3o da fraude e outros fins. Se o navegador est\u00e1 configurado para recusar cookies do nosso site, n\u00e3o ser\u00e1 poss\u00edvel concluir uma compra ou tirar proveito de certas caracter\u00edsticas do nosso site, tais como o armazenamento de itens no carrinho de compras ou receber recomenda\u00e7\u00f5es personalizadas. Dado o exposto, incentivamos a configura\u00e7\u00e3o do navegador para aceitar cookies do nosso site.&nbsp;<\/p><p>Usamos cookies log de tr\u00e1fego para identificar que p\u00e1ginas est\u00e3o a ser usadas. Isso ajuda-nos a analisar os dados acerca do tr\u00e1fego da web e melhorar o nosso site, a fim de adequ\u00e1-lo \u00e0s necessidades dos clientes. Usamos somente esta informa\u00e7\u00e3o para fins de an\u00e1lise estat\u00edstica e, em seguida, os dados s\u00e3o retirados do sistema.&nbsp;<\/p><p>Em geral, os cookies ajudam-nos a fornecer um melhor site, permitindo-nos monitorizar as p\u00e1ginas mais \u00fateis. Um cookie n\u00e3o nos d\u00e1 acesso ao computador ou a qualquer informa\u00e7\u00e3o sobre o cliente. Al\u00e9m dos dados compartilhados connosco. Existe sempre a op\u00e7\u00e3o de aceitar ou recusar cookies. Automaticamente a maioria dos navegadores da Web aceita cookies, mas geralmente \u00e9&nbsp;poss\u00edvel&nbsp;modificar a configura\u00e7\u00e3o do navegador para recusar cookies. Isso pode impedir a plena utiliza\u00e7\u00e3o do site.&nbsp;<\/p><p>Quando estiver a ser usado um computador p\u00fablico, recomendamos sair no final da&nbsp;sess\u00e3o. As informa\u00e7\u00f5es ser\u00e3o armazenadas connosco, mas n\u00e3o v\u00e3o ser acess\u00edveis a qualquer pessoa a partir desse computador.&nbsp;<\/p><h3 class=\"wp-block-heading\">Links para outros websites<\/h3><p>O nosso site pode conter&nbsp;links&nbsp;para outros sites de interesse. No entanto, ao clicar nesses sites \u00e9 direcionado para fora do nosso site, onde n\u00e3o temos qualquer controlo. Portanto, n\u00e3o&nbsp;podemos&nbsp;ser respons\u00e1veis pela&nbsp;prote\u00e7\u00e3o&nbsp;e privacidade de qualquer informa\u00e7\u00e3o fornecida a esses sites. Recomendamos cautela e consulta da Pol\u00edtica de Privacidade aplic\u00e1vel ao site em quest\u00e3o.<\/p><h3 class=\"wp-block-heading\">Controlamos a informa\u00e7\u00e3o pessoal<\/h3><p>&nbsp;<br>\u00c9 poss\u00edvel optar por restringir o uso da informa\u00e7\u00e3o pessoal das seguintes formas :&nbsp;<\/p><ul class=\"wp-block-list\"><li>Sempre que o servi\u00e7o convida a preencher um formul\u00e1rio no site, existe a op\u00e7\u00e3o de escolha a permitir ou impedir que a informa\u00e7\u00e3o possa ser usada para fins de marketing directo;<\/li>\n\n<li>Em qualquer altura \u00e9 poss\u00edvel alterar a autoriza\u00e7\u00e3o do uso de informa\u00e7\u00e3o pessoal para fins de marketing\u00a0direto, bastando para isso enviar um\u00a0email\u00a0para geral@bunhocentro.pt\u00a0a solicitar essa altera\u00e7\u00e3o;<\/li>\n\n<li>N\u00e3o vendemos, distribu\u00edmos ou alugamos as informa\u00e7\u00f5es fornecidas a terceiros;<\/li>\n\n<li>Poderemos utilizar essas informa\u00e7\u00f5es pessoais para enviar campanhas promocionais sobre produtos.<\/li><\/ul><p>A qualquer momento \u00e9 poss\u00edvel pedir informa\u00e7\u00f5es de todos os seus dados por n\u00f3s recolhidos e altera-los ou apaga-los, de acordo com os termos do disposto no art.&nbsp;13\u00ba-A&nbsp;da Lei 41\/2004 de 18 de Agosto, aditado pela Lei 46\/2012 de 29 de&nbsp;agosto.&nbsp;<\/p><p>Se quiser\u00a0uma c\u00f3pia das informa\u00e7\u00f5es armazenadas, por favor envie\u00a0email\u00a0para geral@bunhocentro.pt\u00a0a solicita-la.<\/p><p><\/p>","protected":false},"excerpt":{"rendered":"<p>O site\u00a0www.bunhocentro.pt\u00a0respeita a privacidade de todos os seus utilizadores e compromete-se a proteger as informa\u00e7\u00f5es pessoais l\u00e1 inseridas. Algumas sec\u00e7\u00f5es e\/ou funcionalidades deste website podem ser navegadas sem recurso \u00e0 divulga\u00e7\u00e3o de qualquer informa\u00e7\u00e3o pessoal por parte do utilizador.\u00a0 Que dados recolhemos &nbsp; O que fazemos com a informa\u00e7\u00e3o recolhida A Informa\u00e7\u00e3o recolhida permite-nos oferecer [&hellip;]<\/p>\n","protected":false},"author":2,"featured_media":0,"parent":0,"menu_order":0,"comment_status":"closed","ping_status":"closed","template":"","meta":{"jetpack_post_was_ever_published":false,"footnotes":""},"class_list":["post-932","page","type-page","status-publish","hentry"],"jetpack_sharing_enabled":true,"_links":{"self":[{"href":"https:\/\/www.bunhocentro.pt\/index.php?rest_route=\/wp\/v2\/pages\/932","targetHints":{"allow":["GET"]}}],"collection":[{"href":"https:\/\/www.bunhocentro.pt\/index.php?rest_route=\/wp\/v2\/pages"}],"about":[{"href":"https:\/\/www.bunhocentro.pt\/index.php?rest_route=\/wp\/v2\/types\/page"}],"author":[{"embeddable":true,"href":"https:\/\/www.bunhocentro.pt\/index.php?rest_route=\/wp\/v2\/users\/2"}],"replies":[{"embeddable":true,"href":"https:\/\/www.bunhocentro.pt\/index.php?rest_route=%2Fwp%2Fv2%2Fcomments&post=932"}],"version-history":[{"count":1,"href":"https:\/\/www.bunhocentro.pt\/index.php?rest_route=\/wp\/v2\/pages\/932\/revisions"}],"predecessor-version":[{"id":933,"href":"https:\/\/www.bunhocentro.pt\/index.php?rest_route=\/wp\/v2\/pages\/932\/revisions\/933"}],"wp:attachment":[{"href":"https:\/\/www.bunhocentro.pt\/index.php?rest_route=%2Fwp%2Fv2%2Fmedia&parent=932"}],"curies":[{"name":"wp","href":"https:\/\/api.w.org\/{rel}","templated":true}]}}